{"id":291,"date":"2019-04-25T11:52:07","date_gmt":"2019-04-25T09:52:07","guid":{"rendered":"https:\/\/barenbruegge.heska.mp\/?page_id=291"},"modified":"2024-06-10T08:14:36","modified_gmt":"2024-06-10T06:14:36","slug":"impressum","status":"publish","type":"page","link":"https:\/\/www.st-stb.at\/karriere\/impressum\/","title":{"rendered":"Impressum"},"content":{"rendered":"\t\t<div data-elementor-type=\"wp-page\" data-elementor-id=\"291\" class=\"elementor elementor-291\">\n\t\t\t\t\t\t<div class=\"elementor-inner\">\n\t\t\t\t<div class=\"elementor-section-wrap\">\n\t\t\t\t\t\t\t\t\t<section class=\"elementor-section elementor-top-section elementor-element elementor-element-46e2cd8 elementor-section-height-min-height elementor-section-boxed elementor-section-height-default elementor-section-items-middle\" data-id=\"46e2cd8\" data-element_type=\"section\" data-settings=\"{&quot;background_background&quot;:&quot;classic&quot;}\">\n\t\t\t\t\t\t<div class=\"elementor-container elementor-column-gap-default\">\n\t\t\t\t\t\t\t<div class=\"elementor-row\">\n\t\t\t\t\t<div class=\"elementor-column elementor-col-100 elementor-top-column elementor-element elementor-element-2860945\" data-id=\"2860945\" data-element_type=\"column\">\n\t\t\t<div class=\"elementor-column-wrap\">\n\t\t\t\t\t\t\t<div class=\"elementor-widget-wrap\">\n\t\t\t\t\t\t\t\t<\/div>\n\t\t\t\t\t<\/div>\n\t\t<\/div>\n\t\t\t\t\t\t\t\t<\/div>\n\t\t\t\t\t<\/div>\n\t\t<\/section>\n\t\t\t\t<section class=\"elementor-section elementor-top-section elementor-element elementor-element-67fa4f47 elementor-section-boxed elementor-section-height-default elementor-section-height-default\" data-id=\"67fa4f47\" data-element_type=\"section\">\n\t\t\t\t\t\t<div class=\"elementor-container elementor-column-gap-default\">\n\t\t\t\t\t\t\t<div class=\"elementor-row\">\n\t\t\t\t\t<div class=\"elementor-column elementor-col-100 elementor-top-column elementor-element elementor-element-7ceba63d\" data-id=\"7ceba63d\" data-element_type=\"column\">\n\t\t\t<div class=\"elementor-column-wrap elementor-element-populated\">\n\t\t\t\t\t\t\t<div class=\"elementor-widget-wrap\">\n\t\t\t\t\t\t<div class=\"elementor-element elementor-element-1bf2e5a0 elementor-widget elementor-widget-text-editor\" data-id=\"1bf2e5a0\" data-element_type=\"widget\" data-widget_type=\"text-editor.default\">\n\t\t\t\t<div class=\"elementor-widget-container\">\n\t\t\t\t\t\t\t\t<div class=\"elementor-text-editor elementor-clearfix\">\n\t\t\t\t<h1>Impressum<\/h1><p><b>Schwab &amp; Tuttner Steuerberatung GmbH<\/b><br \/>NEU: Unterneuberg 201\/1 | 8225 P\u00f6llauberg &#8211; AT<br \/>Web:\u00a0<a href=\"http:\/\/www.st-stb.at\/\" target=\"_blank\" rel=\"noopener noreferrer\">www.st-stb.at\u00a0<\/a>\u00a0Email:\u00a0<a href=\"mailto:office@st-stb.at\">office@st-stb.at<br \/><\/a>Tel:\u00a0+43 3335 \/ 20 793\u00a0Fax:\u00a001342 \/ 42 042 082<br \/>FN 396897y UID ATU67993157 Gerichtsstand Hartberg<\/p><h3>GRUNDLEGENDE RICHTUNG<\/h3><p>Die Webseite beinhaltet unpolitische News, die sich mit dem Steuer-, Sozial- und Wirtschaftsrecht besch\u00e4ftigen und sich vorwiegend an Mandanten der Kanzlei richten.<\/p><h3>HAFTUNGSAUSSCHLUSS \/ \u00a7 5 ECG<\/h3><p>Der Autor dieser Webseiten ist bestrebt, die hier angebotenen Informationen nach bestem Wissen und Gewissen vollst\u00e4ndig und richtig darzustellen und aktuell zu halten. Dennoch kann er keinerlei Haftung f\u00fcr Sch\u00e4den \u00fcbernehmen, die sich aus der Nutzung der angebotenen Informationen ergeben k\u00f6nnen \u2013 auch wenn diese auf die Nutzung von allenfalls unvollst\u00e4ndigen bzw. fehlerhaften Informationen zur\u00fcckzuf\u00fchren sind.\u00a0Verweise auf fremde Webseiten liegen au\u00dferhalb des Verantwortungsbereiches des Autors. Eine Haftung f\u00fcr die Inhalte von verlinkten Seiten ist ausgeschlossen, zumal der Autor keinen Einfluss auf Inhalte wie Gestaltung von gelinkten Seiten hat. F\u00fcr Inhalte von Seiten, auf welche von Seiten dieser Webseiten verwiesen wird, haftet somit allein der Anbieter dieser fremden Webseiten \u2013 niemals jedoch derjenige, der durch einen Link auf fremde Publikationen und Inhalte verweist. Sollten gelinkte Seiten (insbesondere durch Ver\u00e4nderung der Inhalte nach dem Setzen des Links) illegale, fehlerhafte, unvollst\u00e4ndige, beleidigende oder sittenwidrige Informationen beinhalten und wird der Autor dieser Seite auf derartige Inhalte von gelinkten Seiten aufmerksam (gemacht), so wird er einen Link auf derartige Seiten unverz\u00fcglich unterbinden.<\/p><h3>URHEBERRECHT<\/h3><p>Die vom Autor selbst erstellten Inhalte (Texte und Bilder) dieser Seiten sind urheberrechtlich gesch\u00fctzt. Die Informationen sind nur f\u00fcr die pers\u00f6nliche Verwendung bestimmt. Jede den Bestimmungen des Urheberrechtsgesetzes widersprechende Verwendung jeglicher Inhalte dieser Webseiten \u2013 insbesondere die weitergehende Nutzung wie beispielsweise die Ver\u00f6ffentlichung, Vervielf\u00e4ltigung und jede Form von gewerblicher Nutzung sowie die Weitergabe an Dritte \u2013 auch in Teilen oder in \u00fcberarbeiteter Form \u2013 ohne ausdr\u00fcckliche Zustimmung des Autors ist untersagt.<\/p><h3>INFORMATIONSINHALT<\/h3><p>Die Informationen dieser Webseiten k\u00f6nnen ohne vorherige Ank\u00fcndigung ge\u00e4ndert, entfernt oder erg\u00e4nzt werden. Der Autor kann daher keine Garantie f\u00fcr die Korrektheit, Vollst\u00e4ndigkeit, Qualit\u00e4t oder Aktualit\u00e4t der bereitgestellten Informationen geben.<\/p><h3>RECHTSWIRKSAMKEIT<\/h3><p>Durch Nutzung dieser Webseiten unterliegt der Nutzer den gegenst\u00e4ndlichen Nutzungsbedingungen. Diese sind Teil des WWW-Angebotes. Sofern Teile oder einzelne Formulierungen der Nutzungsbedingungen der geltenden Rechtslage nicht, nicht mehr oder nicht vollst\u00e4ndig entsprechen sollten, bleiben die \u00fcbrigen Teile der Nutzungsbedingungen in ihrem Inhalt und ihrer G\u00fcltigkeit davon unber\u00fchrt.<\/p><h3>LAYOUT &amp; REDAKTION<\/h3><p>newgen AG<br \/>Winterswykerstra\u00dfe 120<br \/>48691 Vreden<\/p><p>Telefon:\u00a0+49(0) 2564\u00a0\/ 98968 \u2013 0<br \/>E-Mail: kontakt@newgen.ag<br \/>www.newgen.ag<\/p>\t\t\t\t\t<\/div>\n\t\t\t\t\t\t<\/div>\n\t\t\t\t<\/div>\n\t\t\t\t\t\t<\/div>\n\t\t\t\t\t<\/div>\n\t\t<\/div>\n\t\t\t\t\t\t\t\t<\/div>\n\t\t\t\t\t<\/div>\n\t\t<\/section>\n\t\t\t\t\t\t\t\t\t<\/div>\n\t\t\t<\/div>\n\t\t\t\t\t<\/div>\n\t\t","protected":false},"excerpt":{"rendered":"<p>Impressum Schwab &amp; Tuttner Steuerberatung GmbHNEU: Unterneuberg 201\/1 | 8225 P\u00f6llauberg &#8211; ATWeb:\u00a0www.st-stb.at\u00a0\u00a0Email:\u00a0office@st-stb.atTel:\u00a0+43 3335 \/ 20 793\u00a0Fax:\u00a001342 \/ 42 042 082FN 396897y UID ATU67993157 Gerichtsstand Hartberg GRUNDLEGENDE RICHTUNG Die Webseite beinhaltet unpolitische News, die sich mit dem Steuer-, Sozial- und Wirtschaftsrecht besch\u00e4ftigen und sich vorwiegend an Mandanten der Kanzlei richten. HAFTUNGSAUSSCHLUSS \/ \u00a7 5 ECG [&hellip;]<\/p>\n","protected":false},"author":5,"featured_media":0,"parent":0,"menu_order":0,"comment_status":"closed","ping_status":"closed","template":"","meta":[],"yoast_head":"<!-- This site is optimized with the Yoast SEO plugin v19.0 - https:\/\/yoast.com\/wordpress\/plugins\/seo\/ -->\n<title>Impressum - Schwab &amp; Tuttner Steuerberatung OG<\/title>\n<meta name=\"robots\" content=\"index, follow, max-snippet:-1, max-image-preview:large, max-video-preview:-1\" \/>\n<link rel=\"canonical\" href=\"https:\/\/www.st-stb.at\/karriere\/impressum\/\" \/>\n<meta property=\"og:locale\" content=\"de_DE\" \/>\n<meta property=\"og:type\" content=\"article\" \/>\n<meta property=\"og:title\" content=\"Impressum - Schwab &amp; Tuttner Steuerberatung OG\" \/>\n<meta property=\"og:description\" content=\"Impressum Schwab &amp; Tuttner Steuerberatung GmbHNEU: Unterneuberg 201\/1 | 8225 P\u00f6llauberg &#8211; ATWeb:\u00a0www.st-stb.at\u00a0\u00a0Email:\u00a0office@st-stb.atTel:\u00a0+43 3335 \/ 20 793\u00a0Fax:\u00a001342 \/ 42 042 082FN 396897y UID ATU67993157 Gerichtsstand Hartberg GRUNDLEGENDE RICHTUNG Die Webseite beinhaltet unpolitische News, die sich mit dem Steuer-, Sozial- und Wirtschaftsrecht besch\u00e4ftigen und sich vorwiegend an Mandanten der Kanzlei richten. HAFTUNGSAUSSCHLUSS \/ \u00a7 5 ECG [&hellip;]\" \/>\n<meta property=\"og:url\" content=\"https:\/\/www.st-stb.at\/karriere\/impressum\/\" \/>\n<meta property=\"og:site_name\" content=\"Schwab &amp; Tuttner Steuerberatung OG\" \/>\n<meta property=\"article:modified_time\" content=\"2024-06-10T06:14:36+00:00\" \/>\n<meta name=\"twitter:card\" content=\"summary_large_image\" \/>\n<meta name=\"twitter:label1\" content=\"Gesch\u00e4tzte Lesezeit\" \/>\n\t<meta name=\"twitter:data1\" content=\"3\u00a0Minuten\" \/>\n<script type=\"application\/ld+json\" class=\"yoast-schema-graph\">{\"@context\":\"https:\/\/schema.org\",\"@graph\":[{\"@type\":\"WebSite\",\"@id\":\"https:\/\/www.st-stb.at\/karriere\/#website\",\"url\":\"https:\/\/www.st-stb.at\/karriere\/\",\"name\":\"Schwab &amp; Tuttner Steuerberatung OG\",\"description\":\"Nur ein Mausklick bis zu deiner erfolgreichen Zukunft!\",\"potentialAction\":[{\"@type\":\"SearchAction\",\"target\":{\"@type\":\"EntryPoint\",\"urlTemplate\":\"https:\/\/www.st-stb.at\/karriere\/?s={search_term_string}\"},\"query-input\":\"required name=search_term_string\"}],\"inLanguage\":\"de\"},{\"@type\":\"WebPage\",\"@id\":\"https:\/\/www.st-stb.at\/karriere\/impressum\/#webpage\",\"url\":\"https:\/\/www.st-stb.at\/karriere\/impressum\/\",\"name\":\"Impressum - Schwab &amp; Tuttner Steuerberatung OG\",\"isPartOf\":{\"@id\":\"https:\/\/www.st-stb.at\/karriere\/#website\"},\"datePublished\":\"2019-04-25T09:52:07+00:00\",\"dateModified\":\"2024-06-10T06:14:36+00:00\",\"breadcrumb\":{\"@id\":\"https:\/\/www.st-stb.at\/karriere\/impressum\/#breadcrumb\"},\"inLanguage\":\"de\",\"potentialAction\":[{\"@type\":\"ReadAction\",\"target\":[\"https:\/\/www.st-stb.at\/karriere\/impressum\/\"]}]},{\"@type\":\"BreadcrumbList\",\"@id\":\"https:\/\/www.st-stb.at\/karriere\/impressum\/#breadcrumb\",\"itemListElement\":[{\"@type\":\"ListItem\",\"position\":1,\"name\":\"Home\",\"item\":\"https:\/\/www.st-stb.at\/karriere\/\"},{\"@type\":\"ListItem\",\"position\":2,\"name\":\"Impressum\"}]}]}<\/script>\n<!-- \/ Yoast SEO plugin. -->","yoast_head_json":{"title":"Impressum - Schwab &amp; Tuttner Steuerberatung OG","robots":{"index":"index","follow":"follow","max-snippet":"max-snippet:-1","max-image-preview":"max-image-preview:large","max-video-preview":"max-video-preview:-1"},"canonical":"https:\/\/www.st-stb.at\/karriere\/impressum\/","og_locale":"de_DE","og_type":"article","og_title":"Impressum - Schwab &amp; Tuttner Steuerberatung OG","og_description":"Impressum Schwab &amp; Tuttner Steuerberatung GmbHNEU: Unterneuberg 201\/1 | 8225 P\u00f6llauberg &#8211; ATWeb:\u00a0www.st-stb.at\u00a0\u00a0Email:\u00a0office@st-stb.atTel:\u00a0+43 3335 \/ 20 793\u00a0Fax:\u00a001342 \/ 42 042 082FN 396897y UID ATU67993157 Gerichtsstand Hartberg GRUNDLEGENDE RICHTUNG Die Webseite beinhaltet unpolitische News, die sich mit dem Steuer-, Sozial- und Wirtschaftsrecht besch\u00e4ftigen und sich vorwiegend an Mandanten der Kanzlei richten. HAFTUNGSAUSSCHLUSS \/ \u00a7 5 ECG [&hellip;]","og_url":"https:\/\/www.st-stb.at\/karriere\/impressum\/","og_site_name":"Schwab &amp; Tuttner Steuerberatung OG","article_modified_time":"2024-06-10T06:14:36+00:00","twitter_card":"summary_large_image","twitter_misc":{"Gesch\u00e4tzte Lesezeit":"3\u00a0Minuten"},"schema":{"@context":"https:\/\/schema.org","@graph":[{"@type":"WebSite","@id":"https:\/\/www.st-stb.at\/karriere\/#website","url":"https:\/\/www.st-stb.at\/karriere\/","name":"Schwab &amp; Tuttner Steuerberatung OG","description":"Nur ein Mausklick bis zu deiner erfolgreichen Zukunft!","potentialAction":[{"@type":"SearchAction","target":{"@type":"EntryPoint","urlTemplate":"https:\/\/www.st-stb.at\/karriere\/?s={search_term_string}"},"query-input":"required name=search_term_string"}],"inLanguage":"de"},{"@type":"WebPage","@id":"https:\/\/www.st-stb.at\/karriere\/impressum\/#webpage","url":"https:\/\/www.st-stb.at\/karriere\/impressum\/","name":"Impressum - Schwab &amp; Tuttner Steuerberatung OG","isPartOf":{"@id":"https:\/\/www.st-stb.at\/karriere\/#website"},"datePublished":"2019-04-25T09:52:07+00:00","dateModified":"2024-06-10T06:14:36+00:00","breadcrumb":{"@id":"https:\/\/www.st-stb.at\/karriere\/impressum\/#breadcrumb"},"inLanguage":"de","potentialAction":[{"@type":"ReadAction","target":["https:\/\/www.st-stb.at\/karriere\/impressum\/"]}]},{"@type":"BreadcrumbList","@id":"https:\/\/www.st-stb.at\/karriere\/impressum\/#breadcrumb","itemListElement":[{"@type":"ListItem","position":1,"name":"Home","item":"https:\/\/www.st-stb.at\/karriere\/"},{"@type":"ListItem","position":2,"name":"Impressum"}]}]}},"_links":{"self":[{"href":"https:\/\/www.st-stb.at\/karriere\/wp-json\/wp\/v2\/pages\/291"}],"collection":[{"href":"https:\/\/www.st-stb.at\/karriere\/wp-json\/wp\/v2\/pages"}],"about":[{"href":"https:\/\/www.st-stb.at\/karriere\/wp-json\/wp\/v2\/types\/page"}],"author":[{"embeddable":true,"href":"https:\/\/www.st-stb.at\/karriere\/wp-json\/wp\/v2\/users\/5"}],"replies":[{"embeddable":true,"href":"https:\/\/www.st-stb.at\/karriere\/wp-json\/wp\/v2\/comments?post=291"}],"version-history":[{"count":10,"href":"https:\/\/www.st-stb.at\/karriere\/wp-json\/wp\/v2\/pages\/291\/revisions"}],"predecessor-version":[{"id":1196,"href":"https:\/\/www.st-stb.at\/karriere\/wp-json\/wp\/v2\/pages\/291\/revisions\/1196"}],"wp:attachment":[{"href":"https:\/\/www.st-stb.at\/karriere\/wp-json\/wp\/v2\/media?parent=291"}],"curies":[{"name":"wp","href":"https:\/\/api.w.org\/{rel}","templated":true}]}}